**2 - 650*m - 670. Determine i(131).
-15
Let r(q) = -32*q**2 + 25*q - 96. Determine r(3).
-309
Let r(y) = y**2 - 74*y - 159. Calculate r(76).
-7
Let l(y) = y**2 + 91*y - 789. What is l(8)?
3
Let t(d) = -6*d - 159. Determine t(-31).
27
Let p(i) = i**2 + 98*i + 1193. What is p(-15)?
-52
Let o(i) = -258*i**3 + 5*i**2 - 3*i. Determine o(1).
-256
Let c(t) = 17*t - 115. What is c(22)?
259
Let p(q) = -4*q**3 + 46*q**2 + 18*q + 54. Give p(12).
-18
Let p(b) = -2*b**3 - 24*b**2 - 46*b - 261. Calculate p(-11).
3
Let b(u) = -47*u - 72. Give b(0).
-72
Let f(p) = 24*p**2 - 216*p - 6. Give f(9).
-6
Let v(r) = -r**3 + 33*r**2 + 504*r - 876. Determine v(44).
4
Let n(y) = -1471*y - 7361. Calculate n(-5).
-6
Let y(n) = -44*n - 35. What is y(2)?
-123
Let r(d) = d**3 - 10*d**2 - 13*d + 16. What is r(4)?
-132
Let j(a) = -3913*a - 3. What is j(0)?
-3
Let h(k) = 4*k**3 - 8*k**2 - 17*k + 6. Calculate h(3).
-9
Let p(j) = 771*j - 8489. Calculate p(11).
-8
Let w(t) = -197*t - 37427. Give w(-190).
3
Let s(j) = 1029*j + 11047. Calculate s(-11).
-272
Let r(p) = -31*p**2. Give r(1).
-31
Let m(v) = v**3 + 18*v**2 + 49*v + 345. Give m(-16).
73
Let h(f) = -f**3 - 37*f**2 + 46*f + 302. Determine h(-38).
-2
Let w(b) = -349*b - 5605. Calculate w(-16).
-21
Let l(q) = -2*q**3 + 14*q**2 + 88*q - 7. Give l(11).
-7
Let b(y) = -40*y**3 + 6*y**2 + 81*y - 81. Give b(1).
-34
Let s(u) = u + 113. Give s(-60).
53
Let y(f) = 4*f + 67. Give y(31).
191
Let j(a) = 6*a**2 - 447*a + 450. What is j(1)?
9
Let r(s) = 37*s + 51. Determine r(-3).
-60
Let v(l) = -81*l + 4922. What is v(61)?
-19
Let k(q) = 3*q**2 + 15*q + 89. Determine k(-4).
77
Let k(u) = u**3 - 9*u**2 + 9*u - 16. Calculate k(10).
174
Let b(v) = v**2 - 41*v - 14. Calculate b(42).
28
Let u(l) = -5*l - 105. What is u(0)?
-105
Let q(s) = -65*s**2 - 3*s + 5. What is q(0)?
5
Let a(b) = -9*b**3 - 3*b**2 - b - 2. What is a(-2)?
60
Let c(k) = 2*k**3 - 8*k**2 - 10*k + 47. Calculate c(6).
131
Let d(q) = -8*q - 47. Give d(-8).
17
Let o(j) = 27*j - 631. Determine o(36).
341
Let d(i) = i**3 + 10*i**2 - 200*i + 6. Calculate d(10).
6
Let b(v) = 34*v - 267. Determine b(9).
39
Let h(n) = -n**2 - 84*n + 5267. Determine h(-126).
-25
Let i(n) = -9*n**2 + 717*n - 713. What is i(1)?
-5
Let a(u) = -u**3 - 7*u**2 + 22*u + 40. Calculate a(-2).
-24
Let h(j) = -j**3 - 11*j**2 - 9*j + 34. Determine h(-12).
286
Let x(q) = -2*q**3 - q**2 + 10*q - 26. Give x(2).
-26
Let t(v) = 8*v**3 + 44*v**2 + 3*v + 13. Determine t(-6).
-149
Let g(d) = -133*d - 4. What is g(-1)?
129
Let n(k) = -k**2 - 26*k + 287. Determine n(14).
-273
Let k(y) = -y**3 - 184*y**2 - 1732*y + 1407. Give k(-174).
15
Let v(w) = -36*w + 535. What is v(15)?
-5
Let y(x) = x**2 - 30*x + 165. Determine y(6).
21
Let g(b) = -5*b**2 - b - 1. Calculate g(8).
-329
Let r(v) = -2*v**3 + 493*v**2 + 1755*v - 1255. Give r(250).
-5
Let o(x) = 138*x + 1132. Calculate o(-8).
28
Let x(a) = a**2 + 16*a - 251. Calculate x(-26).
9
Let c(u) = 2*u**3 - u**2 + 2*u + 1. Calculate c(3).
52
Let n(o) = 2*o**2 + o - 22. Calculate n(5).
33
Let z(u) = 2*u**2 + 90*u + 54. Calculate z(-47).
242
Let s(i) = -212*i - 209. Give s(-4).
639
Let x(i) = 3*i**3 + 149*i**2 + 99*i + 116. Calculate x(-49).
67
Let f(n) = n**3 + 2*n**2 + 13*n + 84. Give f(-4).
0
Let k(n) = n**2 - 27*n + 114. Give k(22).
4
Let j(h) = 69*h + 1607. Determine j(-23).
20
Let f(p) = 47*p**2 + 2066*p - 38. Determine f(-44).
50
Let c(l) = -l**3 - 2*l**2 + 98*l. Determine c(-11).
11
Let x(h) = 2*h**3 - 44*h**2 + 47*h - 112. Determine x(21).
-7
Let o(k) = k**2 + 33*k - 3516. What is o(45)?
-6
Let j(c) = -9*c**3 - c**2 - c - 6. Determine j(-2).
64
Let n(t) = -2*t**2 - 36*t - 146. Calculate n(-13).
-16
Let p(c) = 46*c - 104. Determine p(4).
80
Let f(b) = -b**2 + 526*b + 14351. Determine f(-26).
-1
Let j(u) = 61*u + 1684. What is j(-30)?
-146
Let l(n) = -597*n - 18592. Determine l(-31).
-85
Let p(v) = -v**3 + 2*v**2 + 133*v. Determine p(0).
0
Let i(z) = 38*z**2 - 109*z - 9. Determine i(3).
6
Let z(x) = x**3 - 74*x**2 - 158*x - 297. What is z(76)?
-753
Let w(t) = t**3 - 14*t**2 + 7*t - 43. Calculate w(14).
55
Let n(f) = -f**2 - 189*f + 36220. Give n(118).
-6
Let u(q) = 42*q + 2923. Give u(-68).
67
Let g(x) = 164*x + 19843. Calculate g(-121).
-1
Let o(s) = 3*s**2 + 32*s + 76. Determine o(-5).
-9
Let t(v) = -2*v**3 - 18*v**2 + 98*v - 10. What is t(4)?
-34
Let q(f) = -401*f - 54537. What is q(-136)?
-1
Let q(t) = -1102*t - 37479. Calculate q(-34).
-11
Let i(n) = 109*n + 877. Calculate i(-8).
5
Let d(y) = 13*y + 74. Determine d(-4).
22
Let f(d) = d**2 + 66*d + 837. Determine f(-18).
-27
Let b(l) = 2*l**3 - 97*l**2 + 275*l - 6294. Determine b(47).
4
Let j(k) = -18*k**2 + 162*k - 168. Give j(8).
-24
Let p(x) = x**3 - 4*x**2 - 76*x + 11. Determine p(-7).
4
Let f(c) = -21*c + 1410. Give f(37).
633
Let j(g) = 32*g + 1943. Calculate j(-61).
-9
Let v(r) = 1431*r + 17171. Calculate v(-12).
-1
Let n(v) = 2*v**3 + v**2 + 38*v + 69. Give n(-3).
-90
Let j(r) = -r**2 - 145*r + 4062. Give j(25).
-188
Let l(t) = -328*t + 21642. Give l(66).
-6
Let y(d) = -d**2 - 33*d - 78. Calculate y(-31).
-16
Let h(d) = 16*d - 344. Give h(22).
8
Let g(r) = 3*r**3 + 14*r**2 - 13*r - 81. Give g(-4).
3
Let t(h) = -2653*h + 5297. Calculate t(2).
-9
Let w(o) = o**3 - 2*o**2 - 7*o + 58. Calculate w(-4).
-10
Let u(x) = x**3 - 16*x**2 - 106*x + 1. Calculate u(21).
-20
Let m(f) = -2*f**2 + f + 97. Give m(-7).
-8
Let q(x) = 8*x**2 - 262*x + 190. Give q(32).
-2
Let u(a) = 26*a - 332. What is u(11)?
-46
Let u(a) = 29*a - 887. Determine u(32).
41
Let b(c) = 13*c**3 - 62*c**2 - 13*c + 14. What is b(5)?
24
Let s(t) = 2*t**2 + 493*t - 4073. Calculate s(8).
-1
Let a(o) = 8*o + 128. Calculate a(-35).
-152
Let m(p) = -p**3 - 76*p**2 - 88*p - 954. Determine m(-75).
21
Let s(n) = 244*n - 86. What is s(1)?
158
Let p(h) = h**3 - h**2 - 141*h + 17. Give p(-12).
-163
Let t(w) = -13*w - 496. Calculate t(-36).
-28
Let v(r) = -258*r + 408. What is v(4)?
-624
Let s(k) = 12*k + 83. Determine s(-18).
-133
Let k(y) = y**3 + 70*y**2 + 201*y + 7. Calculate k(-67).
7
Let d(s) = -s**2 - 351*s + 9. Determine d(0).
9
Let u(h) = 2*h**3 - 57*h**2 + 84*h - 76. Give u(27).
5
Let a(l) = 2*l**2 - 51*l - 253. Calculate a(-8).
283
Let h(d) = -14*d + 64. Determine h(11).
-90
Let m(c) = c**2 + 214*c - 871. What is m(4)?
1
Let p(g) = -23*g + 280. What is p(8)?
96
Let l(f) = 117*f + 356. Give l(-3).
5
Let p(s) = 2*s**3 - 6*s**2 - 13*s + 4. Determine p(5).
39
Let i(h) = 111*h**2 - 451*h + 27. Give i(4).
-1
Let f(l) = 8*l**2 - 10*l + 28. What is f(3)?
70
Let b(i) = 2604*i + 5201. Give b(-2).
-7
Let a(i) = -10*i - 116. Determine a(-30).
184
Let c(g) = -39821*g - 1. What is c(0)?
-1
Let q(p) = -3*p**3 + 58*p**2 - 12*p - 79. What is q(19)?
54
Let z(b) = 7*b**2 - 49*b - 125. Give z(10).
85
Let v(d) = -5*d**2 + 133*d - 280. What is v(24)?
32
Let q(r) = -5*r**3 + 119*r**2 + 153*r - 51. Give q(25).
24
Let k(w) = 40*w + 208. Give k(-7).
-72
Let b(y) = -y**3 - 34*y**2 - 62*y - 16. What is b(-2)?
-20
Let n(m) = 229*m**3 - 3*m**2 - 3*m - 1. Give n(-1).
-230
Let c(x) = 7*x**3. Give c(-1).
-7
Let u(w) = -w + 500. Give u(9).
491
Let g(f) = -f**2 + 78*f - 431. Determine g(6).
1
Let d(p) = 5*p**3 + 1107*p**2 + 439*p - 658. Calculate d(-221).
5
Let a(h) = h**3 + 26*h**2 + 58*h + 35. Determine a(-24).
-205
Let y(l) = -l**2 + 114*l + 604. Give y(-5).
9
Let c(a) = a**2 - 21*a - 209. Give c(-7).
-13
Let q(f) = -45*f + 625. Determine q(13).
40
Let m(j) = -2*j**3 + 2*j**2 + 10*j + 16. Give m(-2).
20
Let k(i) = -i**3 + i**2 + 72*i + 9. Determine k(8).
137
Let h(l) = -119*l**3 - 7*l - 10. Determine h(-1).
116
Let a(d) = d**2 + 58*d - 201. What is a(-60)?
-81
Let j(y) = 2*y**2 + 49*y + 6. Determine j(-24).
-18
Let j(f) = 83*f**2 - 15679*f - 1507. Calculate j(189).
5
Let p(c) = -c**3 - 8*c**2 - 102*c - 688. Give p(-7).
-23
Let p(x) = -3*x**3 - 49*x**2 + 299*x + 104. What is p(-21)?
-1
Let n(p) = p**3 - 14*p**2 + p - 14. What is n(14)?
0
Let t(u) = 2*u**2 + 58*u - 207. Calculate t(4).
57
Let g(z) = -z**2 - 72*z + 231. What is g(3)?
6
Let z(w) = 4*w**3 + 10*w**2 - 2. Determine z(0).
-2
Let p(v) = -v**2 + 7*v + 3. Determine p(2).
13
Let o(v) = -v**2 - 686*v + 26769. Calculate o(37).
18
Let d(z) = 4*z**2 + 84*z + 34. Give d(-14).
-358
Let h(g) = 6*g**2 - 3*g + 73. Give h(10).
643
Let d(c) = 3